9 - -9) - (0 + -4).
5
Evaluate 3 - (0 + 4 - (69 + -69)).
-1
Calculate 2 - 14 - (4 + 6 - 17).
-5
2 + (2 + -5 - 1)
-2
Evaluate 0 + (3 - 6) - (13 + -13).
-3
Calculate 1 + -3 + 0 + 4 + -1.
1
Evaluate (-1 - -4) + 0 + (-4 - 1).
-2
4 + (5 - (3 - -10))
-4
What is the value of (-3 + -2 - -3) + 3?
1
What is 12 - 10 - 1 - -2?
3
Calculate 9 - ((1 - -16) + -9).
1
What is 5 + (-16 + -1 + 6 - -7)?
1
Evaluate (-6 - -2) + 9 + -7 + -3.
-5
What is the value of -4 + 4 + (-1 - 0) + 2?
1
What is 13 - (8 + -8 + 9)?
4
3 - (-9 + 11 + (-4 - -3))
2
What is (4 - -5) + -1 - 5?
3
-11 + (-1 - 6) + 14
-4
-11 - (-21 - (-17 - -9))
2
What is the value of 7 + 5 + -2 - 5?
5
What is the value of (-6 - 1) + (0 - -4)?
-3
What is (3 - (8 + -6)) + -5?
-4
2 - (-1 - (-4 + 2))
1
Evaluate 11 + -27 + -7 + 13.
-10
10 - (4 - 0) - 3
3
What is (2 - (1 + -10)) + -8?
3
What is (3 + -9 - -10) + 3?
7
What is 58 + -57 + (-1 - 3)?
-3
What is the value of 7 - 4 - ((7 - 4) + -1)?
1
1 - 14 - ((-11 - -13) + -8)
-7
Calculate 0 + (-1 + 3 - 2 - -2).
2
Evaluate (-4 - (2 + 1 - 5)) + 0.
-2
Evaluate 4 + -7 + -4 + 2.
-5
Calculate 8 + -16 - (0 + 0 + -1).
-7
1 + 4 + -2 + -9
-6
Calculate 1 + 6 - (4 + 0).
3
What is 11 - (-3 + -1 - -13)?
2
What is 1 - (3 + -2 - (2 + -3))?
-1
What is -7 - (0 - -7 - (-9 - -24))?
1
Evaluate 2 + -2 - -8 - (12 - 7).
3
What is the value of -1 - (-2 - 6 - -3)?
4
What is 9 - 1 - (1 + 0) - 2?
5
-3 - -2 - -3 - 7
-5
Calculate 3 + (4 - 3) + 0 + -1.
3
Calculate -1 + -2 + 7 + (-10 - -1).
-5
Calculate -3 + 2 + 4 + -1.
2
-1 - (1 + (-1 - 3))
2
Calculate 5 - 7 - (-5 - (-6 - -5)).
2
Evaluate 14 + -13 + (-2 - -1).
0
Evaluate -6 + -2 - -5 - (-1 + -4).
2
-6 - ((5 - 0) + -1 + -4)
-6
What is -4 - ((-3 + -4 - -2) + 2)?
-1
Calculate 2 + -5 - ((-6 - -7) + -5).
1
Evaluate (-1 - -4 - 0) + 1.
4
What is 0 - (5 + (4 - 5 - 1))?
-3
(-1 - 2) + 4 - (-20 + 22)
-1
5 + (-4 - -2) + -1
2
What is (4 - -4) + 2 + -7 + -5?
-2
1 - (-5 + 5) - 5
-4
Evaluate (4 - -4 - 8) + -4.
-4
(6 - (0 - -5)) + 1 - 3
-1
Calculate -1 + 1 + (-30 - -32) - -2.
4
What is (3 - (-2 - -9)) + 0 + -1?
-5
What is the value of (7 - (11 - 8)) + (1 - 2)?
3
Calculate 1 - (-5 - (1 + -6)).
1
Evaluate (2 - (7 - 4)) + 2.
1
What is 18 - 11 - (1 - (-1 - 1))?
4
What is the value of 0 - (0 + 2 + -4 + -1)?
3
Calculate -3 - -1 - (-9 - -10).
-3
Evaluate -14 - -27 - (6 - -3).
4
What is the value of -3 - (2 - 2) - -3 - 1?
-1
0 - 1 - (3 - (5 + 1))
2
(-8 - (-1 - (11 + 4))) + -1
7
Calculate (0 - 6) + (-10 - -15).
-1
What is the value of -1 - 5 - (33 - 37)?
-2
Calculate 1 + -6 - (0 - 1).
-4
Calculate 3 + (1 - 0) + -2.
2
What is the value of (6 - -4) + -9 - (-5 - -11)?
-5
Evaluate 19 - 21 - (-2 - -2).
-2
-2 + (8 + -3 - (0 + 1))
2
What is 0 - (5 + -3 + 0 + 1)?
-3
9 + 2 + 7 + -15 - 10
-7
-1 + 2 - -3 - 1
3
-4 - (1 + 0 + 0 - 3)
-2
What is 0 - -7 - (-4 - -7) - 0?
4
What is the value of 7 + (8 + 8 - 8) - 7?
8
Calculate -6 + (16 - 4 - -5 - 5).
6
0 + (-7 - (-7 + -1))
1
8 + (-4 - (-4 - -3)) + -8
-3
Evaluate (10 - -2) + -7 - 0.
5
Calculate (-4 - 1) + -1 + 7.
1
-4 - (-5 + 3 + -6)
4
-11 - -7 - ((-2 - 1) + -1)
0
Evaluate 1 + (3 + -13 - -2).
-7
What is (-2 - -9) + -9 + 5?
3
2 + (6 - 4 - 9)
-5
Calculate -6 + 2 + -2 - -1.
-5
-5 - (-16 - -3) - 16
-8
What is the value of 8 + -10 - (2 - 1)?
-3
What is the value of 2 + -2 - (8 - 3)?
-5
Evaluate 4 + (-5 - (1 + -3)).
1
What is 4 + (7 - (9 + -3 + 5))?
0
What is -4 + -3 + 14 + -3?
4
Evaluate 2 - (4 + -1 - (7 + -2)).
4
Evaluate 5 + -5 + 5 + -1.
4
Calculate -3 - 4 - ((-2 - -3) + -4).
-4
Evaluate 3 + (-5 - (-8 - -1)).
5
Calculate -7 - (5 - -5 - 9).
-8
What is the value of 1 + -2 + -7 + (105 - 90)?
7
Calculate -9 + 11 + 2 + -1.
3
What is the value of 0 - -4 - (3 + (-1 - 3))?
5
What is the value of 3 + -2 + (-8 - -4)?
-3
What is the value of -1 + 13 + -4 + -6?
2
What is the value of (-11 - (-2 - 0)) + (-187 - -195)?
-1
What is the value of 49 - 49 - (-1 - 9) - 2?
8
-3 + 1 + (-1 - (-3 - -4))
-4
Calculate -1 + -2 + 2 - (0 + -2).
1
What is the value of (-3 - (3 - 5)) + (0 - -2)?
1
Evaluate -6 + 1 + (10 - (5 - 2)).
2
Calculate -7 - ((2 - 7) + -4).
2
Evaluate 6 + 1 + -2 + (2 - 10).
-3
What is -2 - (5 - (-7 - (-25 + 4)))?
7
Calculate (11 - (5 - -1)) + 3 + -13.
-5
What is the value of -1 - (-6 + 15 - 5)?
-5
Evaluate -1 + -2 + -8 + (2 - -2).
-7
-4 - 0 - (-4 - -4 - 3)
-1
(2 - -1) + -8 - (14 - 16)
-3
-2 + 4 + (-5 - 0)
-3
What is -1 + -1 + 2 - (8 + -5)?
-3
-7 + -4 + 9 + -1
-3
What is 0 - -11 - (44 + -27)?
-6
63 - 60 - (-1 - 1)
5
-10 - -10 - (-1 + 4)
-3
Evaluate 1 - (-1 + 4) - 0.
-2
Calculate -2 + 9 + (-10 - -5) - 0.
2
What is the value of (11 - 7) + 1 + -9?
-4
Evaluate 2 + 2 - (-7 - -10 - -3).
-2
What is 1 - (-13 + 10) - (0 - -11)?
-7
What is -3 + (2 - 3) + 1 - -7?
4
Evaluate (4 - 3) + -3 + 5 + 0.
3
What is the value of 6 - (-10 - -4 - -5)?
7
What is 3 - (10 - (3 + -2 - -4))?
-2
Evaluate 1 - (6 - (-5 + 9)).
-1
Evaluate -5 + (7 - 9 - (-6 + -1)).
0
Evaluate 4 + (3 - 8) + -4.
-5
What is 5 - 20 - (5 + -13)?
-7
-30 + 32 - (11 - (-1 - -4))
-6
Calculate (0 - -2) + (8 - 6) + -1.
3
17 + -3 + 6 + 5 + -14
11
Calculate 4 + 3 + -4 - (-1 + -1).
5
What is -7 - (-5 + (8 + -3 - 4))?
-3
-8 + (7 - 6 - 3) + 2
-8
Calculate -1 - -4 - (-130 + 138).
-5
9 + -6 + 10 + -6 + -5
2
Calculate -1 - 1 - (-89 - -80) - 7.
0
Calculate 10 - (3 + 1 + -1).
7
What is the value of (-5 - -1 - -9) + -11 - -1?
-5
Evaluate 34 - 29 - (1 + (-2 - -1)).
5
What is 9 - 5 - 4 - -4?
4
Calculate 2 + 0 + -4 + -1 + 1.
-2
What is the value of -4 + -2 + (4 - 7) + 6?
-3
(3 - (-4 + 4)) + -1
2
What is the value of (31 - 27) + (1 - 4) + -7?
-6
What is the value of 6 + 3 + -3 - (-6 - -12)?
0
Calculate -6 - ((0 - (4 - -1)) + 1).
-2
What is the value of -3 + -9 + 4 + 6?
-2
What is -3 + ((-5 - 0) + 3 - -5)?
0
-2 + -4 + 4 - 0
-2
-1 + (-7 - -6) + 6
4
Calculate 11 - 1 - (-3 - -7) - 0.
6
Calculate 8 + (2 - -1 - 6).
5
Evaluate -4 + 2 + -1 + (0 - 2).
-5
Calculate -3 + (4 - 5) - (7 + -4).
-7
Calculate 14 + -11 - (2 + -4).
5
Evaluate -1 - -5 - (-8 - 0) - 6.
6
What is -13 + 18 + (6 + 5 - 5)?
11
What is 0 + (1 - 2 - 0) + -4?
-5
Calculate 36 + -47 + (0 - -19).
8
-1 - -7 - (-33 - -37)
2
9 - (2 + 6) - 4
-3
6 - (2 - -3 - (-2 - 1))
-2
What is -7 + 0 + 11 - 7?
-3
What is the value of 2 - (1 + (-6 + 8 - -2))?
-3
Calculate 3 + (1 - -1) + -1 - -1.
5
(27 - 21) + (2 - 13)
-5
Evaluate 7 + 2 + -6 + (-1 - 3).
-1
Calculate -3 + 4 + -3 + 5 + -1.
2
Calculate (0 - (2 - 3) - 4) + 1.
-2
Evaluate -6 + -10 + 8 + 7.
-1
What is 1 + 2 - (22 + -14)?
-5
What is -135 - -123 - (0 - 21)?
9
5 - 4 - (-4 + 8)
-3
What is the value of -3 + 4 + -7 + 12?
6
Evaluate 4 + (6 - (8 - 2)).
4
Evaluate (15 - 10) + -17 + 5.
-7
Calculate -1 + 4 + 0 + 2 + -1.
4
What is 3 - (-5 - (-15 + 2))?
-5
Evaluate (2 - 7) + (9 - 5 - 1).
-2
Evaluate 6 - 0 - (25 + -19).
0
Calculate -23 + 23 - (-2 + 3).
-1
Evaluate -2 + 1 + -2 + (3 - 4).
-4
Evaluate 4 + -9 + (0 - -4).
-1
Calculate -3 - -1 - (5 - 6).
-1
-1 + 4 + (-11 - -3) + 4
-1
Calculate (-2 + 5 - (1 + -3)) + -2.
3
Evaluate -7 - -1 - (0 + 2 + -3).
-5
Evaluate -3 + -1 + -4 + 2.
-6
Calculate (5 - 2) + 5 - 10.
-2
3 - (3 + (-5 - (5 - 4)))
6
Calculate -5 - (-2 - 1) - -1.
-1
Evaluate 1 + (1 - 3) + (-19 - -24).
4
Calculate (3 + -1 - 5) + 12 + -8.
1
Calculate -3 - -3 - 8 - (-18 + 19).
-9
-1 + 0 - (-2 - (11 + -10))
2
What is 1 - -12 - (8 + (6 - 8))?
7
What is the value of (-1 - 3) + 9 + -9?
-4
What is the value of 1 + -2 + (-27 - -30) + -2?
0
Evaluate 6 + ((-11 - -7) + -2 - -1).
1
Evaluate -1 + (8 + -5 - -3).
5
Calculate 2 + -14 + (-2 - -12).
-2
What is 0 + 2 + (-1 - -1 - 0)?
2
What is -1 + 1 + -12 + 6 + 4?
-2
Evaluate 6 - -1 - (24 + -17).
0
Calculate 4 - (12 - 7 - (-2 - -2)).
-1
What is the value of (-2 + 1 - (-11 - -8)) + 0?
2
What is (-2 - -6 - (-2 - 0)) + -4?
2
What is (-2 - -2) + 1 + -2?
-1
What is 0 + -5 + 13 + -1 + -5?
2
Evaluate (-1 - ((-8 - -6) + -4)) + 0.
5
What is the value of -14 + 10 - (2 - 7)?
1
What is the value of -3 + (2 - 1 - (-15 + 9))?
4
Evaluate -6 + 1 + 7 - (-1 + 3).
0
What is -166 + 171 - (11 - 1)?
-5
What is -6 + 2 + -3 + 6 - 6?
-7
(17 + -10 - 9) + -6
-8
What is the value of -34 + 31 + 2 + 7 + 1?
7
(29 - 16 - 21) + (-1 - -7)
-2
What is the value of 0 - (2 + -5 + 0 + 4)?
-1
Evaluate -1 - (2 - (0 + 4)).
1
What is the value of 3 - (4 + (-3 - 0) - -1)?
1
What is the value of 0 - ((-2 - -2) + (8 - 12))?
4
What is the value of (-2 - -1 - 